se 3.
-21
Convert -3 (base 11) to base 3.
-10
-6 (base 7) to base 8
-6
What is -15 (base 13) in base 10?
-18
Convert 14 (base 7) to base 16.
b
-3 (base 9) to base 7
-3
0 (base 7) to base 6
0
What is -1 (base 10) in base 15?
-1
-b (base 16) to base 7
-14
Convert 16 (base 16) to base 14.
18
What is 1001 (base 2) in base 13?
9
Convert 10 (base 4) to base 10.
4
What is -d (base 14) in base 8?
-15
Convert -323 (base 6) to base 14.
-8b
-11011 (base 2) to base 10
-27
What is 11 (base 7) in base 3?
22
-4 (base 5) to base 9
-4
What is -1 (base 10) in base 6?
-1
Convert 6 (base 11) to base 14.
6
What is -3 (base 15) in base 5?
-3
1 (base 7) to base 13
1
383 (base 10) to base 6
1435
Convert -64 (base 15) to base 14.
-6a
Convert -1a3 (base 12) to base 13.
-177
1 (base 14) to base 8
1
What is -1021 (base 3) in base 11?
-31
Convert 12b (base 15) to base 4.
10022
What is 1245 (base 6) in base 7?
632
What is -103 (base 12) in base 15?
-9c
Convert -9 (base 12) to base 3.
-100
What is 15 (base 16) in base 2?
10101
-1110 (base 2) to base 3
-112
117 (base 9) to base 15
67
Convert 1 (base 14) to base 7.
1
0 (base 11) to base 13
0
What is 1131 (base 5) in base 8?
246
Convert 3 (base 14) to base 7.
3
Convert 130 (base 5) to base 15.
2a
What is 1 (base 14) in base 16?
1
Convert -2 (base 11) to base 14.
-2
What is -23 (base 15) in base 4?
-201
11010 (base 2) to base 16
1a
-67 (base 14) to base 13
-70
What is -2 (base 4) in base 14?
-2
Convert 2a (base 14) to base 13.
2c
Convert 22 (base 14) to base 3.
1010
Convert 4 (base 13) to base 6.
4
13 (base 16) to base 7
25
Convert -b (base 12) to base 7.
-14
What is 142 (base 5) in base 2?
101111
Convert 3 (base 15) to base 2.
11
Convert -c (base 15) to base 8.
-14
What is 2 (base 8) in base 13?
2
2 (base 9) to base 11
2
Convert a (base 15) to base 2.
1010
Convert -211 (base 4) to base 8.
-45
a (base 12) to base 2
1010
Convert 1214 (base 5) to base 8.
270
What is -5 (base 6) in base 13?
-5
20 (base 14) to base 16
1c
Convert -2 (base 10) to base 9.
-2
What is -15 (base 11) in base 12?
-14
-11001001 (base 2) to base 9
-243
Convert 2 (base 16) to base 6.
2
What is 9 (base 16) in base 9?
10
Convert 7 (base 16) to base 5.
12
0 (base 11) to base 14
0
3 (base 8) to base 2
11
235 (base 8) to base 7
313
-22 (base 13) to base 6
-44
What is 11 (base 2) in base 3?
10
What is -1221 (base 3) in base 11?
-48
Convert -10 (base 12) to base 6.
-20
Convert 240 (base 6) to base 11.
88
What is -b (base 14) in base 3?
-102
-2 (base 5) to base 13
-2
-101001 (base 3) to base 2
-100001111
What is -523 (base 6) in base 3?
-21020
25 (base 9) to base 8
27
0 (base 2) to base 3
0
What is -6 (base 12) in base 10?
-6
What is 113 (base 5) in base 11?
30
-305 (base 7) to base 6
-412
-2 (base 12) to base 2
-10
What is -112 (base 6) in base 8?
-54
-423 (base 6) to base 3
-12220
-20 (base 8) to base 7
-22
Convert 118 (base 10) to base 7.
226
What is 15 (base 9) in base 11?
13
-3 (base 5) to base 11
-3
37 (base 9) to base 4
202
What is -7 (base 9) in base 5?
-12
Convert 3 (base 8) to base 12.
3
What is 17 (base 13) in base 4?
110
-72 (base 8) to base 2
-111010
Convert -131 (base 7) to base 11.
-65
Convert 9 (base 14) to base 2.
1001
Convert -126 (base 7) to base 15.
-49
-222 (base 4) to base 14
-30
What is -3 (base 12) in base 2?
-11
Convert 10100 (base 2) to base 8.
24
14 (base 6) to base 8
12
What is 26 (base 14) in base 7?
46
What is -10101000 (base 2) in base 11?
-143
Convert -9 (base 12) to base 11.
-9
What is -3 (base 13) in base 16?
-3
-1 (base 10) to base 3
-1
What is -26 (base 8) in base 11?
-20
Convert -9 (base 16) to base 10.
-9
0 (base 6) to base 2
0
What is 10 (base 4) in base 5?
4
-23 (base 12) to base 5
-102
204 (base 8) to base 12
b0
Convert -2 (base 3) to base 6.
-2
Convert -4 (base 10) to base 4.
-10
-1003 (base 4) to base 6
-151
Convert 22 (base 4) to base 5.
20
What is -218 (base 13) in base 4?
-11213
1a8 (base 12) to base 13
17c
2 (base 15) to base 8
2
Convert -48 (base 9) to base 16.
-2c
Convert -74 (base 10) to base 15.
-4e
19 (base 14) to base 16
17
What is 1 (base 9) in base 7?
1
What is -1 (base 5) in base 3?
-1
111111 (base 2) to base 10
63
Convert 12 (base 4) to base 11.
6
Convert -152 (base 6) to base 7.
-125
Convert -5 (base 13) to base 6.
-5
1120 (base 5) to base 14
b6
-22 (base 7) to base 3
-121
Convert -110 (base 2) to base 10.
-6
Convert -3 (base 15) to base 12.
-3
131 (base 7) to base 10
71
-41 (base 6) to base 16
-19
-3 (base 8) to base 4
-3
What is 5 (base 6) in base 15?
5
What is 2 (base 8) in base 5?
2
What is -3 (base 11) in base 12?
-3
Convert 38 (base 13) to base 4.
233
Convert 1102 (base 3) to base 8.
46
What is -1 (base 2) in base 16?
-1
Convert -4 (base 7) to base 5.
-4
Convert 1 (base 5) to base 9.
1
Convert d (base 15) to base 2.
1101
What is -15 (base 8) in base 9?
-14
14 (base 9) to base 15
d
-3 (base 8) to base 9
-3
What is 371 (base 8) in base 7?
504
What is 1f (base 16) in base 2?
11111
Convert -24 (base 8) to base 7.
-26
Convert 4 (base 8) to base 5.
4
What is -114 (base 7) in base 2?
-111100
Convert 1 (base 15) to base 9.
1
Convert -7 (base 12) to base 9.
-7
-1010 (base 2) to base 12
-a
What is -20 (base 4) in base 6?
-12
1b (base 16) to base 12
23
What is 3 (base 8) in base 15?
3
Convert -6 (base 14) to base 13.
-6
Convert -44 (base 5) to base 2.
-11000
What is -2322 (base 5) in base 12?
-241
42 (base 13) to base 9
60
Convert 1 (base 7) to base 5.
1
4 (base 6) to base 5
4
104 (base 13) to base 3
20102
What is -414 (base 8) in base 15?
-12d
-1010 (base 2) to base 13
-a
3 (base 15) to base 2
11
-2 (base 7) to base 10
-2
-8 (base 14) to base 2
-1000
-4 (base 11) to base 15
-4
Convert 260 (base 8) to base 5.
1201
Convert 1 (base 9) to base 10.
1
Convert -1 (base 2) to base 14.
-1
Convert -22 (base 6) to base 5.
-24
-11 (base 8) to base 9
-10
14 (base 5) to base 4
21
What is 10 (base 2) in base 12?
2
-79 (base 15) to base 2
-1110010
What is -221 (base 6) in base 7?
-151
5 (base 10) to base 13
5
Convert -1020 (base 3) to base 6.
-53
-3 (base 16) to base 5
-3
Convert -2 (base 10) to base 16.
-2
-212 (base 3) to base 16
-17
What is 10 (base 4) in base 14?
4
What is 101 (base 7) in base 10?
50
What is 33 (base 9) in base 14?
22
-212 (base 5) to base 9
-63
8 (base 10) to base 3
22
Convert 0 (base 7) to base 16.
0
What is -22 (base 10) in base 15?
-17
-127 (base 10) to base 11
-106
What is -22 (base 8) in base 15?
-13
-205 (base 8) to base 11
-111
Convert -136 (base 8) to base 5.
-334
Convert -3 (base 8) to base 9.
-3
9 (base 16) to base 8
11
Convert -4 (base 15) to base 14.
-4
What is 10 (base 13) in base 15?
d
-33 (base 6) to base 11
-1a
Convert 139 (base 15) to base 11.
234
What is -21 (base 15) in base 13?
-25
0 (base 10) to base 6
0
-1000 (base 2) to base 16
-8
What is -c (base 16) in base 9?
-13
Convert -21 (base 3) to base 16.
-7
Convert 11011001 (base 2) to base 11.
188
What is -6 (base 11) in base 12?
-6
17 (base 13) to base 15
15
What is 341 (base 6) in base 14?
97
Convert -3 (base 7) to base 10.
-3
Convert -13 (base 12) to base 16.
-f
-132 (base 5) to base 11
-39
Convert 120 (base 3) to base 14.
11
What is -12111 (base 3) in base 8?
-224
22 (base 4) to base 14
a
Convert -2 (base 8) to base 10.
-2
What is 11120 (base 3) in base 10?
123
63 (base 9) to base 12
49
2 (base 9) to base 11
2
-1020 (base 3) to base 8
-41
Convert 0 (base 14) to base 15.
0
Convert -18 (base 10) to base 3.
-200
Convert 20 (base 3) to base 16.
6
-450 (base 7) to base 3
-22120
What is -263 (base 8) in base 12?
-12b
What is 28 (base 13) in base 3?
1021
What is 10212 (base 4) in base 14?
170
25 (base 9) to base 13
1a
Convert -1 (base 5) to base 16.
-1
What is -4 (base 10) in base 4?
-10
Convert -113 (base 7) to base 2.
-111011
Convert -3 (base 11) to base 7.
-3
What is 21 (base 3) in base 5?
12
What is 2 (base 13) in base 14?
2
What is 311 (base 5) in base 4?
1101
What is 4 (base 15) in base 16?
4
-13 (base 14) to base 11
-16
30 (base 7) to base 4
111
0 (base 7) to base 9
0
What is -3 (base 10) in base 13?
-3
What is -b (base 15) in base 16?
-b
What is 48 (base 10) in base 5?
143
9 (base 16) to base 10
9
1 (base 2) to base 15
1
What is -27 (base 13) in base 11?
-30
-1 (base 16) to base 14
-1
What is 100 (base 6) in base 12?
30
-16 (base 